{"id":3387,"date":"2025-02-16T15:34:28","date_gmt":"2025-02-16T15:34:28","guid":{"rendered":"https:\/\/ndttecnologia.com\/?page_id=3387"},"modified":"2025-02-25T01:59:56","modified_gmt":"2025-02-25T01:59:56","slug":"info","status":"publish","type":"page","link":"https:\/\/ndttecnologia.com\/index.php\/info\/","title":{"rendered":"Info"},"content":{"rendered":"<p>[et_pb_section fb_built=\u00bb1&#8243; admin_label=\u00bbHeader\u00bb _builder_version=\u00bb4.19.2&#8243; _module_preset=\u00bbdefault\u00bb overflow-x=\u00bbhidden\u00bb overflow-y=\u00bbhidden\u00bb custom_padding=\u00bb0px||0px||true|false\u00bb collapsed=\u00bbon\u00bb global_colors_info=\u00bb{}\u00bb][et_pb_row column_structure=\u00bb1_2,1_2&#8243; _builder_version=\u00bb4.19.2&#8243; _module_preset=\u00bbdefault\u00bb custom_padding=\u00bb0px||||false|false\u00bb global_colors_info=\u00bb{}\u00bb][et_pb_column type=\u00bb1_2&#8243; _builder_version=\u00bb4.19.2&#8243; _module_preset=\u00bbdefault\u00bb custom_padding=\u00bb8vw||||false|false\u00bb custom_padding_tablet=\u00bb||||false|false\u00bb custom_padding_phone=\u00bb0vw||||false|false\u00bb custom_padding_last_edited=\u00bboff|desktop\u00bb global_colors_info=\u00bb{}\u00bb][et_pb_text _builder_version=\u00bb4.19.2&#8243; _module_preset=\u00bbf5ce9264-1504-4e63-8f4b-bae4cfb8bc69&#8243; global_colors_info=\u00bb{}\u00bb]<\/p>\n<h1>Ensayos no Destructivos<\/h1>\n<p>[\/et_pb_text][et_pb_text _builder_version=\u00bb4.19.2&#8243; _module_preset=\u00bb9257cd42-9c96-4ce5-afb7-2d5cecf28f88&#8243; text_text_color=\u00bb#FFFFFF\u00bb background_color=\u00bb#7F7F7F\u00bb custom_padding=\u00bb40px|40px|40px|40px|true|true\u00bb custom_padding_tablet=\u00bb30px|30px|30px|30px|true|true\u00bb custom_padding_phone=\u00bb20px|20px|20px|20px|true|true\u00bb custom_padding_last_edited=\u00bbon|desktop\u00bb global_colors_info=\u00bb{}\u00bb]<\/p>\n<p><span>En los t\u00e9rminos m\u00e1s generales posibles un m\u00e9todo de ensayo no destructivo (END) consiste en aplicar un campo de energ\u00eda o un medio de prueba a la pieza o material bajo ensayo; detectar las modificaciones sufridas en el campo de energ\u00eda o medio de prueba en su interacci\u00f3n con la pieza o material; evaluar el significado de dichas modificaciones y relacionarlas con la presencia de discontinuidades, variaciones de composici\u00f3n, estructura y\/o propiedades.<\/span><\/p>\n<p><span>En otras palabras, son m\u00e9todos de ensayo que permiten detectar y evaluar discontinuidades, estructuras o propiedades de materiales, componentes o piezas sin modificar sus condiciones de uso o aptitud de servicio. Estos ensayos est\u00e1n reunidos en una disciplina tecnol\u00f3gica determinada por una metodolog\u00eda de aplicaci\u00f3n y condicionada por los factores econ\u00f3micos inherentes a la actividad productiva. <\/span><\/p>\n<p>[\/et_pb_text][\/et_pb_column][et_pb_column type=\u00bb1_2&#8243; _builder_version=\u00bb4.19.2&#8243; _module_preset=\u00bbdefault\u00bb global_colors_info=\u00bb{}\u00bb][et_pb_image src=\u00bbhttps:\/\/ndttecnologia.com\/wp-content\/uploads\/2025\/02\/suelda1-1.jpg\u00bb title_text=\u00bbsuelda1&#8243; _builder_version=\u00bb4.27.4&#8243; _module_preset=\u00bbdefault\u00bb custom_margin=\u00bb|-30vw|0px||false|false\u00bb custom_margin_tablet=\u00bb|0vw|0px||false|false\u00bb custom_margin_phone=\u00bb|0vw|0px||false|false\u00bb custom_margin_last_edited=\u00bbon|tablet\u00bb global_colors_info=\u00bb{}\u00bb][\/et_pb_image][et_pb_image src=\u00bbhttps:\/\/ndttecnologia.com\/wp-content\/uploads\/2024\/12\/civil-engineering-19.png\u00bb title_text=\u00bbcivil-engineering-19&#8243; _builder_version=\u00bb4.19.2&#8243; _module_preset=\u00bbdefault\u00bb width=\u00bb77%\u00bb custom_margin=\u00bb-49%||||false|false\u00bb global_colors_info=\u00bb{}\u00bb][\/et_pb_image][\/et_pb_column][\/et_pb_row][\/et_pb_section][et_pb_section fb_built=\u00bb1&#8243; admin_label=\u00bbAbout\u00bb _builder_version=\u00bb4.19.2&#8243; _module_preset=\u00bbdefault\u00bb custom_padding=\u00bb||90px||false|false\u00bb collapsed=\u00bbon\u00bb global_colors_info=\u00bb{}\u00bb][et_pb_row _builder_version=\u00bb4.19.2&#8243; _module_preset=\u00bbdefault\u00bb custom_padding=\u00bb||28px|||\u00bb global_colors_info=\u00bb{}\u00bb][et_pb_column type=\u00bb4_4&#8243; _builder_version=\u00bb4.19.2&#8243; _module_preset=\u00bbdefault\u00bb global_colors_info=\u00bb{}\u00bb][et_pb_text _builder_version=\u00bb4.19.2&#8243; _module_preset=\u00bb14713c27-d7eb-4e9b-93bf-3451ccc4fe05&#8243; inline_fonts=\u00bbABeeZee\u00bb global_colors_info=\u00bb{}\u00bb]<\/p>\n<h2>Tipos de Ensay<span style=\"font-family: inherit; font-weight: normal;\">o<\/span>s no Destructivos<\/h2>\n<p>[\/et_pb_text][et_pb_text _builder_version=\u00bb4.19.2&#8243; _module_preset=\u00bb9257cd42-9c96-4ce5-afb7-2d5cecf28f88&#8243; custom_padding=\u00bb||0px|||\u00bb inline_fonts=\u00bbAlbert Sans,Adamina\u00bb global_colors_info=\u00bb{}\u00bb]<\/p>\n<ul>\n<li><span>En la industria existen muchos m\u00e9todos diferentes de END, cada uno de ellos con sus propias ventajas y limitaciones, pero los m\u00e1s utilizados son cinco: ensayo por ultrasonidos (UT), ensayo radiogr\u00e1fico (RT), ensayo con part\u00edculas magn\u00e9ticas (MT), ensayo por l\u00edquidos penetrantes (PT) y ensayo visual (VT). <\/span><\/li>\n<li><span>Otras t\u00e9cnicas de ensayos no destructivos son Emisi\u00f3n Ac\u00fastica (AE), Ensayo Electromagn\u00e9tico (ET), M\u00e9todos de Ensayos con L\u00e1ser, Pruebas de Fuga (LT), Ensayo de Fuga de Flujo Magn\u00e9tico, Radiograf\u00eda con Neutrones (NRT), Ensayo T\u00e9rmico \/ Infrarrojo (TIR), An\u00e1lisis de Vibraciones (VA).<\/span><\/li>\n<li>\n<div><span style=\"font-family: Adamina; font-weight: normal;\"><strong>Ensayos No Destructivos<\/strong><\/span>, Somos especialistas en Ultrasonido, tintes penetrantes, part\u00edculas\u00a0magn\u00e9ticas, radiograf\u00eda. contamos con personal Nivel III ASNT y personal Nivel II en todos los m\u00e9todos\u00a0mencionados.<\/div>\n<div><\/div>\n<div><strong><span style=\"font-family: Adamina;\">Dictamos cursos de capacitaci\u00f3n<\/span><\/strong>. Curso a empresas y personas que les interese incursionar en este mundo. cursos de: Ultrasonido, tintes penetrantes, part\u00edculas\u00a0magn\u00e9ticas, radiograf\u00eda.<\/div>\n<div><\/div>\n<div>Asesor\u00edas\u00a0para Auditor\u00edas del C\u00f3digo\u00a0ASME en el \u00e1rea\u00a0de ensayos no destructivos.<\/div>\n<div><\/div>\n<div>Asesor\u00edas\u00a0en el \u00e1rea\u00a0de ensayos no destructivos a empresa, la cual incluye elaboraci\u00f3n\u00a0de procedimientos de inspecci\u00f3n, pr\u00e1cticas escritas y calificaci\u00f3n y certificaci\u00f3n de personal.<\/div>\n<div><\/div>\n<div>Adem\u00e1s, en \u00e1rea de ingenier\u00eda, tenemos la capacidad de fabricar piezas y partes que se requieren para proveer a nuestros clientes, incluyendo importaci\u00f3n\u00a0y suministro de consumibles de la industria.<\/div>\n<\/li>\n<\/ul>\n<p><span><\/span><\/p>\n<p><span><\/span><\/p>\n<h2><span style=\"font-family: Adamina; font-weight: normal;\"><strong>Ultrasonido.<\/strong><\/span><\/h2>\n<p><span>El Ensayo de Ultrasonido (UT, ultrasonic test) es uno de los principales tipos de ensayos no destructivos volum\u00e9tricos empleados en la industria. Su principio consiste en la utilizaci\u00f3n de ondas ultras\u00f3nicas para la evaluaci\u00f3n de la estructura interna de piezas, permitiendo caracterizar materiales o detectar defectos.<\/span><\/p>\n<p><span>Radiograf\u00eda Industrial.<\/span><\/p>\n<p><span>El ensayo de radiograf\u00eda industrial (RT, Radiographics tets) es un m\u00e9todo de ensayo no destructivo volum\u00e9trico muy utilizado en la industria. El principio de este m\u00e9todo consiste en utilizar una fuente de radiaci\u00f3n para hacer atravesar el haz de radiaci\u00f3n a la pieza a ser evaluada y proyectar en una pel\u00edcula radiogr\u00e1fica la imagen de la estructura interna de la pieza, permitiendo asi, ubicar defectos y evaluar la estructura interna.<\/span><\/p>\n<p><span>\u00a0<\/span><\/p>\n<h2><strong><span style=\"font-family: Adamina;\">Tintes penetrantes<\/span><\/strong><\/h2>\n<p><span>La inspecci\u00f3n por L\u00edquidos Penetrantes se define como un m\u00e9todo de inspecci\u00f3n no destructiva, de tipo f\u00edsico qu\u00edmico, dise\u00f1ado para detectar y exponer discontinuidades presentes o abiertas a la superficie de los materiales. El m\u00e9todo puede detectar discontinuidades sub superficiales siempre y cuando tengan una parte abierta a la superficie en la cual el l\u00edquido penetrante ha sido aplicado y pueda llegar a la discontinuidad.<\/span><\/p>\n<p><span>Los l\u00edquidos penetrantes tienen la propiedad de filtrarse a trav\u00e9s de las discontinuidades que presentan materiales, bas\u00e1ndose en la Acci\u00f3n Capilar, la que origina que el l\u00edquido ascienda o descienda a trav\u00e9s de dos paredes cercanas entre s\u00ed; tambi\u00e9n se basa en los principios f\u00edsicos de cohesi\u00f3n, viscosidad, mojabilidad, adherencia y tensi\u00f3n superficial.<\/span><\/p>\n<p><span>\u00a0<\/span><\/p>\n<h2><strong><span style=\"font-family: Adamina;\">Part\u00edculas Magn\u00e9ticas<\/span><\/strong><\/h2>\n<p><span>Es un m\u00e9todo de Ensayo No Destructivo utilizado para localizar discontinuidades en la superficie y en la zona cercana a la superficie, en materiales ferromagn\u00e9ticos. <\/span><\/p>\n<p><span>Consiste en:<\/span><\/p>\n<p><span><\/span><\/p>\n<ul>\n<li><span> \u2022 La magnetizaci\u00f3n de la pieza bajo ensayo. <br \/>\u2022 La aplicaci\u00f3n de un medio de inspecci\u00f3n susceptible de ser magnetizado (las part\u00edculas).<br \/>\u2022 La interpretaci\u00f3n de las indicaciones obtenidas a trav\u00e9s del medio magn\u00e9tico o part\u00edculas.<\/span><\/li>\n<\/ul>\n<div><\/div>\n<div><\/div>\n<p>[\/et_pb_text][\/et_pb_column][\/et_pb_row][\/et_pb_section][et_pb_section fb_built=\u00bb1&#8243; admin_label=\u00bbService\u00bb _builder_version=\u00bb4.19.2&#8243; _module_preset=\u00bbdefault\u00bb background_color=\u00bb#CBCECF\u00bb custom_padding=\u00bb0px||0px||true|false\u00bb collapsed=\u00bbon\u00bb global_colors_info=\u00bb{}\u00bb][et_pb_row column_structure=\u00bb3_5,2_5&#8243; _builder_version=\u00bb4.19.2&#8243; _module_preset=\u00bbdefault\u00bb custom_padding=\u00bb0px||||false|false\u00bb global_colors_info=\u00bb{}\u00bb][et_pb_column type=\u00bb3_5&#8243; _builder_version=\u00bb4.19.2&#8243; _module_preset=\u00bbdefault\u00bb global_colors_info=\u00bb{}\u00bb][et_pb_image src=\u00bbhttps:\/\/ndttecnologia.com\/wp-content\/uploads\/2025\/02\/x23.jpg\u00bb title_text=\u00bbx23&#8243; _builder_version=\u00bb4.27.4&#8243; _module_preset=\u00bbdefault\u00bb custom_margin=\u00bb||0px|-30vw|false|false\u00bb global_colors_info=\u00bb{}\u00bb][\/et_pb_image][et_pb_image src=\u00bbhttps:\/\/ndttecnologia.com\/wp-content\/uploads\/2024\/12\/civil-engineering-20.png\u00bb title_text=\u00bbcivil-engineering-20&#8243; _builder_version=\u00bb4.19.2&#8243; _module_preset=\u00bbdefault\u00bb width=\u00bb60%\u00bb custom_margin=\u00bb-29%||||false|false\u00bb global_colors_info=\u00bb{}\u00bb][\/et_pb_image][\/et_pb_column][et_pb_column type=\u00bb2_5&#8243; _builder_version=\u00bb4.19.2&#8243; _module_preset=\u00bbdefault\u00bb global_colors_info=\u00bb{}\u00bb][et_pb_image src=\u00bbhttps:\/\/ndttecnologia.com\/wp-content\/uploads\/2024\/12\/civil-engineering-21.png\u00bb title_text=\u00bbcivil-engineering-21&#8243; _builder_version=\u00bb4.19.2&#8243; _module_preset=\u00bbdefault\u00bb width=\u00bb65%\u00bb custom_margin=\u00bb-20%|||-35%|false|false\u00bb global_colors_info=\u00bb{}\u00bb][\/et_pb_image][\/et_pb_column][\/et_pb_row][\/et_pb_section][et_pb_section fb_built=\u00bb1&#8243; admin_label=\u00bbVideo\u00bb _builder_version=\u00bb4.19.2&#8243; _module_preset=\u00bbdefault\u00bb background_color=\u00bb#CBCECF\u00bb use_background_color_gradient=\u00bbon\u00bb background_color_gradient_stops=\u00bb#cbcecf 50%|#ffffff 50%\u00bb custom_padding=\u00bb0px||0px||true|false\u00bb collapsed=\u00bbon\u00bb global_colors_info=\u00bb{}\u00bb][et_pb_row _builder_version=\u00bb4.19.2&#8243; _module_preset=\u00bbdefault\u00bb custom_padding=\u00bb||0px||false|false\u00bb global_colors_info=\u00bb{}\u00bb][et_pb_column type=\u00bb4_4&#8243; _builder_version=\u00bb4.19.2&#8243; _module_preset=\u00bbdefault\u00bb global_colors_info=\u00bb{}\u00bb][\/et_pb_column][\/et_pb_row][\/et_pb_section][et_pb_section fb_built=\u00bb1&#8243; admin_label=\u00bbFeature\u00bb _builder_version=\u00bb4.19.2&#8243; _module_preset=\u00bbdefault\u00bb custom_padding=\u00bb0px||||false|false\u00bb collapsed=\u00bbon\u00bb global_colors_info=\u00bb{}\u00bb][\/et_pb_section][et_pb_section fb_built=\u00bb1&#8243; admin_label=\u00bbFooter\u00bb _builder_version=\u00bb4.19.2&#8243; _module_preset=\u00bbdefault\u00bb background_color=\u00bb#2E363C\u00bb overflow-x=\u00bbhidden\u00bb overflow-y=\u00bbhidden\u00bb custom_padding=\u00bb0px||||false|false\u00bb saved_tabs=\u00bball\u00bb collapsed=\u00bbon\u00bb global_colors_info=\u00bb{}\u00bb][et_pb_row _builder_version=\u00bb4.19.2&#8243; _module_preset=\u00bbdefault\u00bb max_width=\u00bbnone\u00bb custom_padding=\u00bb0px||0px||true|false\u00bb global_colors_info=\u00bb{}\u00bb][et_pb_column type=\u00bb4_4&#8243; _builder_version=\u00bb4.19.2&#8243; _module_preset=\u00bbdefault\u00bb global_colors_info=\u00bb{}\u00bb][et_pb_image src=\u00bbhttps:\/\/ndttecnologia.com\/wp-content\/uploads\/2024\/12\/civil-engineering-1.png\u00bb title_text=\u00bbcivil-engineering-1&#8243; _builder_version=\u00bb4.19.2&#8243; _module_preset=\u00bbdefault\u00bb width=\u00bb8%\u00bb global_colors_info=\u00bb{}\u00bb][\/et_pb_image][\/et_pb_column][\/et_pb_row][et_pb_row column_structure=\u00bb1_3,1_3,1_3&#8243; _builder_version=\u00bb4.19.2&#8243; _module_preset=\u00bbdefault\u00bb custom_padding=\u00bb||0px||false|false\u00bb global_colors_info=\u00bb{}\u00bb][et_pb_column type=\u00bb1_3&#8243; _builder_version=\u00bb4.19.2&#8243; _module_preset=\u00bbdefault\u00bb global_colors_info=\u00bb{}\u00bb][et_pb_text _builder_version=\u00bb4.27.4&#8243; _module_preset=\u00bb0718d21c-5a0b-411e-a0a0-86147cdc88ee\u00bb header_3_text_color=\u00bb#FFFFFF\u00bb global_colors_info=\u00bb{}\u00bb]<\/p>\n<h3>Ensayos no Destructivos NDT<\/h3>\n<p>[\/et_pb_text][\/et_pb_column][et_pb_column type=\u00bb1_3&#8243; _builder_version=\u00bb4.19.2&#8243; _module_preset=\u00bbdefault\u00bb global_colors_info=\u00bb{}\u00bb][et_pb_image src=\u00bbhttps:\/\/ndttecnologia.com\/wp-content\/uploads\/2024\/12\/civil-engineering-17.jpg\u00bb title_text=\u00bbcivil-engineering-17&#8243; _builder_version=\u00bb4.19.2&#8243; _module_preset=\u00bbdefault\u00bb global_colors_info=\u00bb{}\u00bb][et_pb_slider _builder_version=\u00bb4.19.2&#8243; _module_preset=\u00bbb6ab0131-e1e1-4cd1-8077-7fced6c39321&#8243; locked=\u00bboff\u00bb global_colors_info=\u00bb{}\u00bb][et_pb_slide heading=\u00bb%22Lorem ipsum dolor sit amet, consectetur adipiscing elit. Donec sed finibus nisi, sed dictum eros. Quisque aliquet velit sit amet sem interdum faucibus. In feugiat aliquet mollis etiam tincidunt ligula.%22&#8243; _builder_version=\u00bb4.19.2&#8243; _module_preset=\u00bbdefault\u00bb header_line_height=\u00bb1.8em\u00bb header_font_size_tablet=\u00bb16px\u00bb header_font_size_phone=\u00bb15px\u00bb header_font_size_last_edited=\u00bbon|tablet\u00bb global_colors_info=\u00bb{}\u00bb sticky_transition=\u00bbon\u00bb]<\/p>\n<p>Igor Landry<\/p>\n<p>[\/et_pb_slide][et_pb_slide heading=\u00bb%22Lorem ipsum dolor sit amet, consectetur adipiscing elit. Donec sed finibus nisi, sed dictum eros. Quisque aliquet velit sit amet sem interdum faucibus. In feugiat aliquet mollis etiam tincidunt ligula.%22&#8243; _builder_version=\u00bb4.19.2&#8243; _module_preset=\u00bbdefault\u00bb header_line_height=\u00bb1.8em\u00bb header_font_size_tablet=\u00bb16px\u00bb header_font_size_phone=\u00bb15px\u00bb header_font_size_last_edited=\u00bbon|tablet\u00bb global_colors_info=\u00bb{}\u00bb sticky_transition=\u00bbon\u00bb]<\/p>\n<p>Igor Landry<\/p>\n<p>[\/et_pb_slide][et_pb_slide heading=\u00bb%22Lorem ipsum dolor sit amet, consectetur adipiscing elit. Donec sed finibus nisi, sed dictum eros. Quisque aliquet velit sit amet sem interdum faucibus. In feugiat aliquet mollis etiam tincidunt ligula.%22&#8243; _builder_version=\u00bb4.19.2&#8243; _module_preset=\u00bbdefault\u00bb header_line_height=\u00bb1.8em\u00bb header_font_size_tablet=\u00bb16px\u00bb header_font_size_phone=\u00bb15px\u00bb header_font_size_last_edited=\u00bbon|tablet\u00bb global_colors_info=\u00bb{}\u00bb sticky_transition=\u00bbon\u00bb]<\/p>\n<p>Igor Landry<\/p>\n<p>[\/et_pb_slide][\/et_pb_slider][\/et_pb_image][\/et_pb_column][et_pb_column type=\u00bb1_3&#8243; _builder_version=\u00bb4.19.2&#8243; _module_preset=\u00bbdefault\u00bb global_colors_info=\u00bb{}\u00bb][et_pb_image src=\u00bbhttps:\/\/ndttecnologia.com\/wp-content\/uploads\/2024\/12\/civil-engineering-18.jpg\u00bb title_text=\u00bbcivil-engineering-18&#8243; _builder_version=\u00bb4.19.2&#8243; _module_preset=\u00bbdefault\u00bb global_colors_info=\u00bb{}\u00bb][\/et_pb_image][\/et_pb_column][\/et_pb_row][et_pb_row _builder_version=\u00bb4.19.2&#8243; _module_preset=\u00bbdefault\u00bb custom_padding=\u00bb0px||0px||true|false\u00bb global_colors_info=\u00bb{}\u00bb][et_pb_column type=\u00bb4_4&#8243; _builder_version=\u00bb4.19.2&#8243; _module_preset=\u00bbdefault\u00bb global_colors_info=\u00bb{}\u00bb][et_pb_divider color=\u00bbrgba(255,255,255,0.1)\u00bb divider_position=\u00bbcenter\u00bb _builder_version=\u00bb4.19.2&#8243; _module_preset=\u00bbdefault\u00bb positioning=\u00bbabsolute\u00bb position_origin_a=\u00bbcenter_left\u00bb width=\u00bb100%\u00bb global_colors_info=\u00bb{}\u00bb][\/et_pb_divider][et_pb_image src=\u00bbhttps:\/\/ndttecnologia.com\/wp-content\/uploads\/2024\/12\/civil-engineering-2.png\u00bb title_text=\u00bbcivil-engineering-2&#8243; align=\u00bbright\u00bb _builder_version=\u00bb4.19.2&#8243; _module_preset=\u00bbdefault\u00bb transform_translate=\u00bb50%|0px\u00bb transform_translate_linked=\u00bboff\u00bb width=\u00bb15%\u00bb global_colors_info=\u00bb{}\u00bb][\/et_pb_image][\/et_pb_column][\/et_pb_row][et_pb_row column_structure=\u00bb1_3,1_3,1_3&#8243; _builder_version=\u00bb4.19.2&#8243; _module_preset=\u00bbdefault\u00bb global_colors_info=\u00bb{}\u00bb][et_pb_column type=\u00bb1_3&#8243; _builder_version=\u00bb4.19.2&#8243; _module_preset=\u00bbdefault\u00bb global_colors_info=\u00bb{}\u00bb][et_pb_text _builder_version=\u00bb4.27.4&#8243; _module_preset=\u00bb0be9ef87-d8a7-4fe6-b327-81fadb15d40b\u00bb header_4_text_color=\u00bb#FFFFFF\u00bb custom_margin=\u00bb||10px||false|false\u00bb global_colors_info=\u00bb{}\u00bb]<\/p>\n<h4>Direcci\u00f3n:<\/h4>\n<p>[\/et_pb_text][et_pb_text _builder_version=\u00bb4.19.2&#8243; _module_preset=\u00bbdba77755-9127-4283-9203-3f05ba2d3592&#8243; text_text_color=\u00bb#FFFFFF\u00bb global_colors_info=\u00bb{}\u00bb]<\/p>\n<p><span>Avenida Valencia, Centro Comercial Profesional Dinast\u00eda,\u00a0 Naguanagua.\u00a0 Estado Carabobo.<\/span><\/p>\n<p>[\/et_pb_text][\/et_pb_column][et_pb_column type=\u00bb1_3&#8243; _builder_version=\u00bb4.19.2&#8243; _module_preset=\u00bbdefault\u00bb global_colors_info=\u00bb{}\u00bb][et_pb_text _builder_version=\u00bb4.27.4&#8243; _module_preset=\u00bb0be9ef87-d8a7-4fe6-b327-81fadb15d40b\u00bb header_4_text_color=\u00bb#FFFFFF\u00bb custom_margin=\u00bb||10px||false|false\u00bb locked=\u00bboff\u00bb global_colors_info=\u00bb{}\u00bb]<\/p>\n<h4>Tel\u00e9fono:<\/h4>\n<p>[\/et_pb_text][et_pb_text _builder_version=\u00bb4.27.4&#8243; _module_preset=\u00bbdba77755-9127-4283-9203-3f05ba2d3592&#8243; text_text_color=\u00bb#FFFFFF\u00bb link_text_color=\u00bb#FFFFFF\u00bb min_height=\u00bb51.2px\u00bb custom_margin=\u00bb||10px||false|false\u00bb custom_padding=\u00bb|0px||||\u00bb locked=\u00bboff\u00bb global_colors_info=\u00bb{}\u00bb]<\/p>\n<div class=\"et_pb_column et_pb_column_1_3 et_pb_column_40  et_pb_css_mix_blend_mode_passthrough\">\n<div class=\"et_pb_module et_pb_text et_pb_text_22  et_pb_text_align_left et_pb_bg_layout_light\">\n<div class=\"et_pb_text_inner\">\n<p>0241 &#8211; 8677545<\/p>\n<\/div>\n<\/div>\n<div class=\"et_pb_module et_pb_text et_pb_text_23  et_pb_text_align_left et_pb_bg_layout_light\"><\/div>\n<div class=\"et_pb_module et_pb_text et_pb_text_24  et_pb_text_align_left et_pb_bg_layout_light\"><\/div>\n<\/div>\n<div class=\"et_pb_column et_pb_column_1_3 et_pb_column_41  et_pb_css_mix_blend_mode_passthrough et-last-child\">\n<div class=\"et_pb_module et_pb_text et_pb_text_25  et_pb_text_align_left et_pb_bg_layout_light\">\n<div class=\"et_pb_text_inner\"><\/div>\n<\/div>\n<\/div>\n<p>[\/et_pb_text][\/et_pb_column][et_pb_column type=\u00bb1_3&#8243; _builder_version=\u00bb4.19.2&#8243; _module_preset=\u00bbdefault\u00bb global_colors_info=\u00bb{}\u00bb][et_pb_text _builder_version=\u00bb4.27.4&#8243; _module_preset=\u00bb0be9ef87-d8a7-4fe6-b327-81fadb15d40b\u00bb header_4_text_color=\u00bb#FFFFFF\u00bb custom_margin=\u00bb||10px||false|false\u00bb locked=\u00bboff\u00bb global_colors_info=\u00bb{}\u00bb]<\/p>\n<h4>Correo:<\/h4>\n<p>[\/et_pb_text][et_pb_text _builder_version=\u00bb4.27.4&#8243; _module_preset=\u00bbdba77755-9127-4283-9203-3f05ba2d3592&#8243; text_text_color=\u00bb#FFFFFF\u00bb link_text_color=\u00bb#FFFFFF\u00bb custom_margin=\u00bb||10px||false|false\u00bb custom_padding=\u00bb||1px|||\u00bb locked=\u00bboff\u00bb global_colors_info=\u00bb{}\u00bb]<\/p>\n<p>ndttecnologia@gmail.com<\/p>\n<p>&nbsp;<\/p>\n<p>[\/et_pb_text][\/et_pb_column][\/et_pb_row][\/et_pb_section]<\/p>\n","protected":false},"excerpt":{"rendered":"<p>Ensayos no DestructivosEn los t\u00e9rminos m\u00e1s generales posibles un m\u00e9todo de ensayo no destructivo (END) consiste en aplicar un campo de energ\u00eda o un medio de prueba a la pieza o material bajo ensayo; detectar las modificaciones sufridas en el campo de energ\u00eda o medio de prueba en su interacci\u00f3n con la pieza o material; [&hellip;]<\/p>\n","protected":false},"author":1,"featured_media":0,"parent":0,"menu_order":0,"comment_status":"closed","ping_status":"closed","template":"","meta":{"_et_pb_use_builder":"on","_et_pb_old_content":"","_et_gb_content_width":"","footnotes":""},"class_list":["post-3387","page","type-page","status-publish","hentry"],"_links":{"self":[{"href":"https:\/\/ndttecnologia.com\/index.php\/wp-json\/wp\/v2\/pages\/3387","targetHints":{"allow":["GET"]}}],"collection":[{"href":"https:\/\/ndttecnologia.com\/index.php\/wp-json\/wp\/v2\/pages"}],"about":[{"href":"https:\/\/ndttecnologia.com\/index.php\/wp-json\/wp\/v2\/types\/page"}],"author":[{"embeddable":true,"href":"https:\/\/ndttecnologia.com\/index.php\/wp-json\/wp\/v2\/users\/1"}],"replies":[{"embeddable":true,"href":"https:\/\/ndttecnologia.com\/index.php\/wp-json\/wp\/v2\/comments?post=3387"}],"version-history":[{"count":20,"href":"https:\/\/ndttecnologia.com\/index.php\/wp-json\/wp\/v2\/pages\/3387\/revisions"}],"predecessor-version":[{"id":3452,"href":"https:\/\/ndttecnologia.com\/index.php\/wp-json\/wp\/v2\/pages\/3387\/revisions\/3452"}],"wp:attachment":[{"href":"https:\/\/ndttecnologia.com\/index.php\/wp-json\/wp\/v2\/media?parent=3387"}],"curies":[{"name":"wp","href":"https:\/\/api.w.org\/{rel}","templated":true}]}}